{"id":247,"date":"2019-10-20T22:54:56","date_gmt":"2019-10-20T20:54:56","guid":{"rendered":"http:\/\/www.envies-sucrees.fr\/?page_id=247"},"modified":"2026-04-09T21:45:38","modified_gmt":"2026-04-09T19:45:38","slug":"les-ateliers-de-patisserie","status":"publish","type":"page","link":"http:\/\/www.envies-sucrees.fr\/index.php\/les-ateliers-de-patisserie\/","title":{"rendered":"LES ATELIERS DE P\u00c2TISSERIE"},"content":{"rendered":"\n<p><\/p>\n\n\n\n<p class=\"has-text-align-center has-very-dark-gray-color has-very-light-gray-background-color has-text-color has-background\" style=\"font-size:18px\"><em>Participez \u00e0 un atelier de p\u00e2tisserie au sein de mon laboratoire. Je vous ferai partager mes savoir-faire et secrets pour confectionner un dessert gourmand que vous ram\u00e8nerez \u00e0 la maison pour 4 \u00e0 6 personnes.<\/em> <br>4 personnes maxi \u00e0 l&rsquo; atelier.<br>Dur\u00e9e de 3 heures.<br>Le tarif des ateliers est de 68 euros.<br>Il est possible de privatiser un atelier et d\u00b4accueillir plus de 4 stagiaires, pour cela me contacter.<\/p>\n\n\n\n<p><\/p>\n\n\n\n<p class=\"has-text-align-center has-vivid-red-color has-very-light-gray-background-color has-text-color has-background has-medium-font-size\"><strong>LES ATELIERS DE P\u00c2TISSERIES P\u00c9RIODE AVRIL MAI JUIN 2026<\/strong>  <\/p>\n\n\n\n<ul>\n<li>Mercredi 15 AVRIL 17h00: Tartelettes citron meringu\u00e9: P\u00e2te sucr\u00e9e, cr\u00e8me d\u00b4amande, Confit citron, cr\u00e9meux citron et sa meringue italienne.<\/li>\n\n\n\n<li>Dimanche 26 AVRIL 09h00: Choux et \u00e9clairs au chocolat: P\u00e2te \u00e0 choux, craquelin, Cr\u00e8me chocolat, Ganache mont\u00e9e chocolat au lait.<\/li>\n\n\n\n<li>Lundi 27 AVRIL 17h00: Tartelettes aux fraises framboises: P\u00e2te sucr\u00e9e, cr\u00e8me d\u00b4amande, Curd fruits rouges, Cr\u00e8me l\u00e9g\u00e8re vanille.   <\/li>\n\n\n\n<li>Mercredi 06 MAI 17h00: Choux et \u00e9clairs vanille: P\u00e2te \u00e0 choux, craquelin, Cr\u00e8me p\u00e2tissiere vanille, Chantilly.<\/li>\n\n\n\n<li>Lundi 11 MAI 17h00: Croissants et Nougatine<\/li>\n\n\n\n<li>Lundi 18 MAI 17h00: Petit g\u00e2teau f\u00eate des m\u00e8res. <\/li>\n\n\n\n<li>Mercredi 03 JUIN 17h00: Verrines: Panna-cotta vanille et pur\u00e9e exotique, Mousse au chocolat au lait, Mousse Framboises et fruits rouges, Cr\u00e9meux au chocolat noir et chantilly au chocolat blond caf\u00e9.<\/li>\n\n\n\n<li>Dimanche 14 JUIN 17h00: Tartelettes au chocolat noir: P\u00e2te sucr\u00e9e cacao, Caramel au beurre sal\u00e9, Cr\u00e9meux au chocolat noir.<\/li>\n\n\n\n<li>Mercredi 24 JUIN 17h00: Tartelette Soraya comme en boutique: p\u00e2te sucr\u00e9e, cr\u00e8me d\u00b4amande pistache , Ganache mont\u00e9e fleur d oranger, croustillant pistache, confit framboise.<\/li>\n\n\n\n<li>Lundi 29 JUIN 17h00: Choux et \u00e9clairs au chocolat caf\u00e9: P\u00e2te \u00e0 choux, craquelin, Cr\u00e8me chocolat, Ganache mont\u00e9e caf\u00e9, Croustillant au chocolat caf\u00e9.<br><\/li>\n<\/ul>\n\n\n\n<p class=\"has-text-align-center has-vivid-red-color has-very-light-gray-background-color has-text-color has-background has-medium-font-size\"><strong>PRIORIT\u00c9 AUX BONS CADEAUX!<\/strong><\/p>\n\n\n\n<p>R\u00e9servation par t\u00e9l\u00e9phone, par SMS, messenger, email ou en passant par la boutique.<br>Pour toute suggestion d\u00b4atelier qui n\u00b4est pas dans cette liste, m\u00b4en faire part.<\/p>\n\n\n\n<p style=\"font-size:18px\"> <strong>Envies Sucr\u00e9es est joignable au 07 68 74 63 25<\/strong><\/p>\n","protected":false},"excerpt":{"rendered":"<p>Participez \u00e0 un atelier de p\u00e2tisserie au sein de mon laboratoire. Je vous ferai partager mes savoir-faire et secrets pour confectionner un dessert gourmand que vous ram\u00e8nerez \u00e0 la maison pour 4 \u00e0 6 personnes. 4 personnes maxi \u00e0 l&rsquo; atelier.Dur\u00e9e de 3 heures.Le tarif des ateliers est de 68 euros.Il est possible de privatiser [&hellip;]<\/p>\n","protected":false},"author":1,"featured_media":0,"parent":0,"menu_order":0,"comment_status":"closed","ping_status":"closed","template":"","meta":[],"_links":{"self":[{"href":"http:\/\/www.envies-sucrees.fr\/index.php\/wp-json\/wp\/v2\/pages\/247"}],"collection":[{"href":"http:\/\/www.envies-sucrees.fr\/index.php\/wp-json\/wp\/v2\/pages"}],"about":[{"href":"http:\/\/www.envies-sucrees.fr\/index.php\/wp-json\/wp\/v2\/types\/page"}],"author":[{"embeddable":true,"href":"http:\/\/www.envies-sucrees.fr\/index.php\/wp-json\/wp\/v2\/users\/1"}],"replies":[{"embeddable":true,"href":"http:\/\/www.envies-sucrees.fr\/index.php\/wp-json\/wp\/v2\/comments?post=247"}],"version-history":[{"count":61,"href":"http:\/\/www.envies-sucrees.fr\/index.php\/wp-json\/wp\/v2\/pages\/247\/revisions"}],"predecessor-version":[{"id":563,"href":"http:\/\/www.envies-sucrees.fr\/index.php\/wp-json\/wp\/v2\/pages\/247\/revisions\/563"}],"wp:attachment":[{"href":"http:\/\/www.envies-sucrees.fr\/index.php\/wp-json\/wp\/v2\/media?parent=247"}],"curies":[{"name":"wp","href":"https:\/\/api.w.org\/{rel}","templated":true}]}}

LES ATELIERS DE PÂTISSERIE

<p></p>



<p class="has-text-align-center has-very-dark-gray-color has-very-light-gray-background-color has-text-color has-background" style="font-size:18px"><em>Participez à un atelier de pâtisserie au sein de mon laboratoire. Je vous ferai partager mes savoir-faire et secrets pour confectionner un dessert gourmand que vous ramènerez à la maison pour 4 à 6 personnes.</em> <br>4 personnes maxi à l&rsquo; atelier.<br>Durée de 3 heures.<br>Le tarif des ateliers est de 68 euros.<br>Il est possible de privatiser un atelier et d´accueillir plus de 4 stagiaires, pour cela me contacter.</p>



<p></p>



<p class="has-text-align-center has-vivid-red-color has-very-light-gray-background-color has-text-color has-background has-medium-font-size"><strong>LES ATELIERS DE PÂTISSERIES PÉRIODE AVRIL MAI JUIN 2026</strong>  </p>



<ul>
<li>Mercredi 15 AVRIL 17h00: Tartelettes citron meringué: Pâte sucrée, crème d´amande, Confit citron, crémeux citron et sa meringue italienne.</li>



<li>Dimanche 26 AVRIL 09h00: Choux et éclairs au chocolat: Pâte à choux, craquelin, Crème chocolat, Ganache montée chocolat au lait.</li>



<li>Lundi 27 AVRIL 17h00: Tartelettes aux fraises framboises: Pâte sucrée, crème d´amande, Curd fruits rouges, Crème légère vanille.   </li>



<li>Mercredi 06 MAI 17h00: Choux et éclairs vanille: Pâte à choux, craquelin, Crème pâtissiere vanille, Chantilly.</li>



<li>Lundi 11 MAI 17h00: Croissants et Nougatine</li>



<li>Lundi 18 MAI 17h00: Petit gâteau fête des mères. </li>



<li>Mercredi 03 JUIN 17h00: Verrines: Panna-cotta vanille et purée exotique, Mousse au chocolat au lait, Mousse Framboises et fruits rouges, Crémeux au chocolat noir et chantilly au chocolat blond café.</li>



<li>Dimanche 14 JUIN 17h00: Tartelettes au chocolat noir: Pâte sucrée cacao, Caramel au beurre salé, Crémeux au chocolat noir.</li>



<li>Mercredi 24 JUIN 17h00: Tartelette Soraya comme en boutique: pâte sucrée, crème d´amande pistache , Ganache montée fleur d oranger, croustillant pistache, confit framboise.</li>



<li>Lundi 29 JUIN 17h00: Choux et éclairs au chocolat café: Pâte à choux, craquelin, Crème chocolat, Ganache montée café, Croustillant au chocolat café.<br></li>
</ul>



<p class="has-text-align-center has-vivid-red-color has-very-light-gray-background-color has-text-color has-background has-medium-font-size"><strong>PRIORITÉ AUX BONS CADEAUX!</strong></p>



<p>Réservation par téléphone, par SMS, messenger, email ou en passant par la boutique.<br>Pour toute suggestion d´atelier qui n´est pas dans cette liste, m´en faire part.</p>



<p style="font-size:18px"> <strong>Envies Sucrées est joignable au 07 68 74 63 25</strong></p>

<p>Participez à un atelier de pâtisserie au sein de mon laboratoire. Je vous ferai partager mes savoir-faire et secrets pour confectionner un dessert gourmand que vous ramènerez à la maison pour 4 à 6 personnes. 4 personnes maxi à l&rsquo; atelier.Durée de 3 heures.Le tarif des ateliers est de 68 euros.Il est possible de privatiser [&hellip;]</p>
