{"id":2,"date":"2019-01-07T18:43:22","date_gmt":"2019-01-07T17:43:22","guid":{"rendered":"http:\/\/www.envies-sucrees.fr\/?page_id=2"},"modified":"2024-12-08T20:46:27","modified_gmt":"2024-12-08T19:46:27","slug":"la-boutique","status":"publish","type":"page","link":"http:\/\/www.envies-sucrees.fr\/","title":{"rendered":"LA BOUTIQUE"},"content":{"rendered":"\n<figure class=\"wp-block-image\"><img decoding=\"async\" loading=\"lazy\" width=\"1024\" height=\"576\" src=\"http:\/\/www.envies-sucrees.fr\/wp-content\/uploads\/2019\/10\/boutique-1-1024x576.jpg\" alt=\"\" class=\"wp-image-254\" srcset=\"http:\/\/www.envies-sucrees.fr\/wp-content\/uploads\/2019\/10\/boutique-1-1024x576.jpg 1024w, http:\/\/www.envies-sucrees.fr\/wp-content\/uploads\/2019\/10\/boutique-1-300x169.jpg 300w, http:\/\/www.envies-sucrees.fr\/wp-content\/uploads\/2019\/10\/boutique-1-768x432.jpg 768w, http:\/\/www.envies-sucrees.fr\/wp-content\/uploads\/2019\/10\/boutique-1-555x312.jpg 555w, http:\/\/www.envies-sucrees.fr\/wp-content\/uploads\/2019\/10\/boutique-1.jpg 1080w\" sizes=\"(max-width: 1024px) 100vw, 1024px\" \/><\/figure>\n\n\n<h4>Ouverte depuis avril 2019, la boutique Envies Sucr\u00e9es vous propose une p\u00e2tisserie artisanale o\u00f9 tout est fait maison. Les mati\u00e8res premi\u00e8res sont s\u00e9lectionn\u00e9es avec le plus grand soin. Le chocolat de la maison Valrhona est mis en valeur dans nos p\u00e2tisseries ainsi que la vanille de Tahiti. <\/h4>\n<h4>Vous appr\u00e9cierez une offre de produits gourmands:<br \/>&#8211; Choux, \u00e9clairs.<br \/>&#8211; Tartes, tartelettes.<br \/>&#8211; Entremets individuels, et sur commande des desserts gourmands 4,6,8 parts et plus encore, pour tous vos \u00e9v\u00e8nements familiaux.<\/h4>\n<h4>N&rsquo;h\u00e9sitez pas aussi \u00e0 r\u00e9server votre atelier de p\u00e2tisserie pour concevoir l&rsquo;\u00e9laboration d&rsquo;un dessert tendance et y apprendre des techniques et astuces.<\/h4>\n<h4><strong>La boutique vous est ouverte:<\/strong><\/h4>\n<h4>&#8211; Le jeudi de 14h00 \u00e0 18h00.<br \/>&#8211; Le vendredi de 11h30 \u00e0 13h00 puis de 14h00 \u00e0 18h00.<br \/>&#8211; le samedi de 10h00 \u00e0 13h00 puis de 14h30 \u00e0 17h30.<br \/>&#8211; Le dimanche est r\u00e9serv\u00e9 pour le moment aux ateliers de p\u00e2tisserie. <br \/>N&rsquo; h\u00e9sitez pas \u00e0 passer commande.<br \/><strong>Envies Sucr\u00e9es est joignable au 07 68 74 63 25<\/strong><\/h4>","protected":false},"excerpt":{"rendered":"<p>Ouverte depuis avril 2019, la boutique Envies Sucr\u00e9es vous propose une p\u00e2tisserie artisanale o\u00f9 tout est fait maison. Les mati\u00e8res premi\u00e8res sont s\u00e9lectionn\u00e9es avec le plus grand soin. Le chocolat de la maison Valrhona est mis en valeur dans nos p\u00e2tisseries ainsi que la vanille de Tahiti. Vous appr\u00e9cierez une offre de produits gourmands:&#8211; Choux, [&hellip;]<\/p>\n","protected":false},"author":1,"featured_media":29,"parent":0,"menu_order":0,"comment_status":"closed","ping_status":"open","template":"","meta":[],"_links":{"self":[{"href":"http:\/\/www.envies-sucrees.fr\/index.php\/wp-json\/wp\/v2\/pages\/2"}],"collection":[{"href":"http:\/\/www.envies-sucrees.fr\/index.php\/wp-json\/wp\/v2\/pages"}],"about":[{"href":"http:\/\/www.envies-sucrees.fr\/index.php\/wp-json\/wp\/v2\/types\/page"}],"author":[{"embeddable":true,"href":"http:\/\/www.envies-sucrees.fr\/index.php\/wp-json\/wp\/v2\/users\/1"}],"replies":[{"embeddable":true,"href":"http:\/\/www.envies-sucrees.fr\/index.php\/wp-json\/wp\/v2\/comments?post=2"}],"version-history":[{"count":41,"href":"http:\/\/www.envies-sucrees.fr\/index.php\/wp-json\/wp\/v2\/pages\/2\/revisions"}],"predecessor-version":[{"id":507,"href":"http:\/\/www.envies-sucrees.fr\/index.php\/wp-json\/wp\/v2\/pages\/2\/revisions\/507"}],"wp:featuredmedia":[{"embeddable":true,"href":"http:\/\/www.envies-sucrees.fr\/index.php\/wp-json\/wp\/v2\/media\/29"}],"wp:attachment":[{"href":"http:\/\/www.envies-sucrees.fr\/index.php\/wp-json\/wp\/v2\/media?parent=2"}],"curies":[{"name":"wp","href":"https:\/\/api.w.org\/{rel}","templated":true}]}}